{"id":13,"date":"2025-08-14T13:40:49","date_gmt":"2025-08-14T13:40:49","guid":{"rendered":"http:\/\/ademeko.com\/?page_id=13"},"modified":"2026-03-23T07:35:31","modified_gmt":"2026-03-23T07:35:31","slug":"impressum","status":"publish","type":"page","link":"https:\/\/ademeko.com\/index.php\/impressum\/","title":{"rendered":"Impressum"},"content":{"rendered":"<h2>Impressum<\/h2>\n<p style=\"margin: 0cm; font-size: medium;\"><a name=\"OLE_LINK118\"><\/a><a name=\"OLE_LINK119\"><\/a><a name=\"OLE_LINK111\"><\/a><a name=\"OLE_LINK112\"><\/a><a name=\"OLE_LINK113\"><\/a><a name=\"OLE_LINK114\"><\/a><a name=\"OLE_LINK115\"><\/a><b>Kontakt-Adresse<\/b><\/p>\n<p style=\"margin: 0cm; font-size: medium;\"><a name=\"OLE_LINK116\"><\/a><a name=\"OLE_LINK117\"><\/a>ADEMEKO GmbH<br \/>\nJosef-Schryberstr. 4<br \/>\n6010 Kriens<br \/>\nSchweiz<\/p>\n<p style=\"margin: 0cm; font-size: medium;\">E-Mail:\u00a0info @ ademeko . com<\/p>\n<p style=\"margin: 0cm; font-size: medium;\">Tel.: +41 41 320 41 42<\/p>\n<p style=\"margin: 0cm; font-size: medium;\"><b>\u00a0<\/b><\/p>\n<p style=\"margin: 0cm; font-size: medium;\"><b>Vertretungsberechtigte Person(en)<\/b><\/p>\n<p style=\"margin: 0cm; font-size: medium;\">Dr. Thomas Sch\u00fcler<\/p>\n<p style=\"margin: 0cm; font-size: medium;\"><b>\u00a0<\/b><\/p>\n<p style=\"margin: 0cm; font-size: medium;\"><b>Handelsregister-Eintrag<\/b><\/p>\n<p style=\"margin: 0cm; font-size: medium;\">Eingetragener Firmenname:<br \/>\n<strong><br \/>\nADEMEKO GmbH<\/strong><\/p>\n<p style=\"margin: 0cm; font-size: medium;\">Unternehmens-Nr (UID):<br \/>\n<strong><br \/>\nCHE-323.931.997<\/strong><\/p>\n<p style=\"margin: 0cm; font-size: medium;\">Mehrwertsteuer-Nummer<br \/>\n<strong><br \/>\nCHE-323.931.997 MWST<\/strong><\/p>\n<p style=\"margin: 0cm; font-size: medium;\"><b>Haftungsausschluss<\/b><\/p>\n<p style=\"margin: 0cm; font-size: medium;\">Der Autor \u00fcbernimmt keinerlei Gew\u00e4hr hinsichtlich der inhaltlichen Richtigkeit, Genauigkeit, Aktualit\u00e4t, Zuverl\u00e4ssigkeit und Vollst\u00e4ndigkeit der Informationen.<\/p>\n<p style=\"margin: 0cm; font-size: medium;\">Haftungsanspr\u00fcche gegen den Autor wegen Sch\u00e4den materieller oder immaterieller Art, welche aus dem Zugriff oder der Nutzung bzw. Nichtnutzung der ver\u00f6ffentlichten Informationen, durch Missbrauch der Verbindung oder durch technische St\u00f6rungen entstanden sind, werden ausgeschlossen.<\/p>\n<p style=\"margin: 0cm; font-size: medium;\">Alle Angebote sind unverbindlich. Der Autor beh\u00e4lt es sich ausdr\u00fccklich vor, Teile der Seiten oder das gesamte Angebot ohne besondere Ank\u00fcndigung zu ver\u00e4ndern, zu erg\u00e4nzen, zu l\u00f6schen oder die Ver\u00f6ffentlichung zeitweise oder endg\u00fcltig einzustellen.<\/p>\n<p style=\"margin: 0cm; font-size: medium;\"><b>Haftungsausschluss f\u00fcr Links<\/b><\/p>\n<p style=\"margin: 0cm; font-size: medium;\">Verweise und Links auf Webseiten Dritter liegen ausserhalb unseres Verantwortungsbereichs. Es wird jegliche Verantwortung f\u00fcr solche Webseiten abgelehnt. Der Zugriff und die Nutzung solcher Webseiten erfolgen auf eigene Gefahr des jeweiligen Nutzers.<\/p>\n<p style=\"margin: 0cm; font-size: medium;\"><b>Urheberrechte<\/b><\/p>\n<p style=\"margin: 0cm; font-size: medium;\">Die Urheber- und alle anderen Rechte an Inhalten, Bildern, Fotos oder anderen Dateien auf dieser Website, geh\u00f6ren ausschliesslich\u00a0<strong>der Firma ADEMEKO GmbH<\/strong>\u00a0oder den speziell genannten Rechteinhabern. F\u00fcr die Reproduktion jeglicher Elemente ist die schriftliche Zustimmung des Urheberrechtstr\u00e4gers im Voraus einzuholen.<\/p>\n<p style=\"margin: 0cm; font-size: medium;\" align=\"right\">Quelle:\u00a0<a style=\"text-decoration: underline;\" href=\"https:\/\/www.swissanwalt.ch\/\" target=\"_blank\" rel=\"noopener\">SwissAnwalt<\/a><\/p>\n","protected":false},"excerpt":{"rendered":"<p>Impressum Kontakt-Adresse ADEMEKO GmbH Josef-Schryberstr. 4 6010 Kriens Schweiz E-Mail:\u00a0info @ ademeko . com Tel.: +41 41 320 41 42 \u00a0 Vertretungsberechtigte Person(en) Dr. Thomas Sch\u00fcler \u00a0 Handelsregister-Eintrag Eingetragener Firmenname: ADEMEKO GmbH Unternehmens-Nr (UID): CHE-323.931.997 Mehrwertsteuer-Nummer CHE-323.931.997 MWST Haftungsausschluss Der Autor \u00fcbernimmt keinerlei Gew\u00e4hr hinsichtlich der inhaltlichen Richtigkeit, Genauigkeit, Aktualit\u00e4t, Zuverl\u00e4ssigkeit und Vollst\u00e4ndigkeit der Informationen. [&hellip;]<\/p>\n","protected":false},"author":1,"featured_media":0,"parent":0,"menu_order":0,"comment_status":"closed","ping_status":"closed","template":"","meta":{"_themeisle_gutenberg_block_has_review":false,"footnotes":""},"class_list":["post-13","page","type-page","status-publish","hentry"],"_links":{"self":[{"href":"https:\/\/ademeko.com\/index.php\/wp-json\/wp\/v2\/pages\/13","targetHints":{"allow":["GET"]}}],"collection":[{"href":"https:\/\/ademeko.com\/index.php\/wp-json\/wp\/v2\/pages"}],"about":[{"href":"https:\/\/ademeko.com\/index.php\/wp-json\/wp\/v2\/types\/page"}],"author":[{"embeddable":true,"href":"https:\/\/ademeko.com\/index.php\/wp-json\/wp\/v2\/users\/1"}],"replies":[{"embeddable":true,"href":"https:\/\/ademeko.com\/index.php\/wp-json\/wp\/v2\/comments?post=13"}],"version-history":[{"count":85,"href":"https:\/\/ademeko.com\/index.php\/wp-json\/wp\/v2\/pages\/13\/revisions"}],"predecessor-version":[{"id":3016,"href":"https:\/\/ademeko.com\/index.php\/wp-json\/wp\/v2\/pages\/13\/revisions\/3016"}],"wp:attachment":[{"href":"https:\/\/ademeko.com\/index.php\/wp-json\/wp\/v2\/media?parent=13"}],"curies":[{"name":"wp","href":"https:\/\/api.w.org\/{rel}","templated":true}]}}

<h2>Impressum</h2>
<p style="margin: 0cm; font-size: medium;"><a name="OLE_LINK118"></a><a name="OLE_LINK119"></a><a name="OLE_LINK111"></a><a name="OLE_LINK112"></a><a name="OLE_LINK113"></a><a name="OLE_LINK114"></a><a name="OLE_LINK115"></a><b>Kontakt-Adresse</b></p>
<p style="margin: 0cm; font-size: medium;"><a name="OLE_LINK116"></a><a name="OLE_LINK117"></a>ADEMEKO GmbH<br />
Josef-Schryberstr. 4<br />
6010 Kriens<br />
Schweiz</p>
<p style="margin: 0cm; font-size: medium;">E-Mail: info @ ademeko . com</p>
<p style="margin: 0cm; font-size: medium;">Tel.: +41 41 320 41 42</p>
<p style="margin: 0cm; font-size: medium;"><b> </b></p>
<p style="margin: 0cm; font-size: medium;"><b>Vertretungsberechtigte Person(en)</b></p>
<p style="margin: 0cm; font-size: medium;">Dr. Thomas Schüler</p>
<p style="margin: 0cm; font-size: medium;"><b> </b></p>
<p style="margin: 0cm; font-size: medium;"><b>Handelsregister-Eintrag</b></p>
<p style="margin: 0cm; font-size: medium;">Eingetragener Firmenname:<br />
<strong><br />
ADEMEKO GmbH</strong></p>
<p style="margin: 0cm; font-size: medium;">Unternehmens-Nr (UID):<br />
<strong><br />
CHE-323.931.997</strong></p>
<p style="margin: 0cm; font-size: medium;">Mehrwertsteuer-Nummer<br />
<strong><br />
CHE-323.931.997 MWST</strong></p>
<p style="margin: 0cm; font-size: medium;"><b>Haftungsausschluss</b></p>
<p style="margin: 0cm; font-size: medium;">Der Autor übernimmt keinerlei Gewähr hinsichtlich der inhaltlichen Richtigkeit, Genauigkeit, Aktualität, Zuverlässigkeit und Vollständigkeit der Informationen.</p>
<p style="margin: 0cm; font-size: medium;">Haftungsansprüche gegen den Autor wegen Schäden materieller oder immaterieller Art, welche aus dem Zugriff oder der Nutzung bzw. Nichtnutzung der veröffentlichten Informationen, durch Missbrauch der Verbindung oder durch technische Störungen entstanden sind, werden ausgeschlossen.</p>
<p style="margin: 0cm; font-size: medium;">Alle Angebote sind unverbindlich. Der Autor behält es sich ausdrücklich vor, Teile der Seiten oder das gesamte Angebot ohne besondere Ankündigung zu verändern, zu ergänzen, zu löschen oder die Veröffentlichung zeitweise oder endgültig einzustellen.</p>
<p style="margin: 0cm; font-size: medium;"><b>Haftungsausschluss für Links</b></p>
<p style="margin: 0cm; font-size: medium;">Verweise und Links auf Webseiten Dritter liegen ausserhalb unseres Verantwortungsbereichs. Es wird jegliche Verantwortung für solche Webseiten abgelehnt. Der Zugriff und die Nutzung solcher Webseiten erfolgen auf eigene Gefahr des jeweiligen Nutzers.</p>
<p style="margin: 0cm; font-size: medium;"><b>Urheberrechte</b></p>
<p style="margin: 0cm; font-size: medium;">Die Urheber- und alle anderen Rechte an Inhalten, Bildern, Fotos oder anderen Dateien auf dieser Website, gehören ausschliesslich <strong>der Firma ADEMEKO GmbH</strong> oder den speziell genannten Rechteinhabern. Für die Reproduktion jeglicher Elemente ist die schriftliche Zustimmung des Urheberrechtsträgers im Voraus einzuholen.</p>
<p style="margin: 0cm; font-size: medium;" align="right">Quelle: <a style="text-decoration: underline;" href="https://www.swissanwalt.ch/" target="_blank" rel="noopener">SwissAnwalt</a></p>

<p>Impressum Kontakt-Adresse ADEMEKO GmbH Josef-Schryberstr. 4 6010 Kriens Schweiz E-Mail: info @ ademeko . com Tel.: +41 41 320 41 42   Vertretungsberechtigte Person(en) Dr. Thomas Schüler   Handelsregister-Eintrag Eingetragener Firmenname: ADEMEKO GmbH Unternehmens-Nr (UID): CHE-323.931.997 Mehrwertsteuer-Nummer CHE-323.931.997 MWST Haftungsausschluss Der Autor übernimmt keinerlei Gewähr hinsichtlich der inhaltlichen Richtigkeit, Genauigkeit, Aktualität, Zuverlässigkeit und Vollständigkeit der Informationen. [&hellip;]</p>
