{"id":532,"date":"2025-08-15T13:40:50","date_gmt":"2025-08-15T13:40:50","guid":{"rendered":"http:\/\/ademeko.com\/?page_id=532"},"modified":"2026-03-23T07:35:08","modified_gmt":"2026-03-23T07:35:08","slug":"datenschutz","status":"publish","type":"page","link":"https:\/\/ademeko.com\/index.php\/datenschutz\/","title":{"rendered":"Datenschutz"},"content":{"rendered":"<h2>Datenschutzerkl\u00e4rung<\/h2>\n<p>Unsere Verarbeitung personenbezogener Daten unserer Nutzer beschr\u00e4nkt sich auf jene Daten, die zur Bereitstellung einer funktionsf\u00e4higen Internetseite sowie unserer Inhalte und Leistungen erforderlich sind. Die Verarbeitung personenbezogener Daten unserer Nutzer erfolgt nur zu den unten aufgef\u00fchrten Zwecken und wenn eine rechtliche Grundlage (im Sinn der DSGVO) vorliegt. Es werden nur solche personenbezogenen Daten erhoben, die f\u00fcr die Durchf\u00fchrung und Abwicklung unserer Aufgaben und Leistungen tats\u00e4chlich erforderlich sind oder die Sie uns freiwillig zur Verf\u00fcgung gestellt haben.<\/p>\n<p><b>Der Verantwortliche im Sinne der Datenschutz-Grundverordnung (DSGVO) ist:<\/b><br \/>\nThomas Sch\u00fcler<br \/>\nADEMEKO GmbH<br \/>\nJosef-Schryberstr. 4<br \/>\nCH-6010 Kriens<br \/>\ndatenschutz @ ademeko . com<\/p>\n<p>Diese Datenschutzerkl\u00e4rung gilt f\u00fcr den Internetauftritt ADEMEKO GmbH und f\u00fcr die \u00fcber diese Internetseite erhobenen personenbezogenen Daten. F\u00fcr Internetseiten anderer Anbieter, auf die z.B. \u00fcber Links verwiesen wird, gelten die dortigen Datenschutzhinweise und -erkl\u00e4rungen. Der Websitebetreiber nimmt Ihren Datenschutz sehr ernst und behandelt Ihre personenbezogenen Daten vertraulich und entsprechend den gesetzlichen Vorschriften. Da durch neue Technologien und die st\u00e4ndige Weiterentwicklung dieser Webseite \u00c4nderungen an dieser Datenschutzerkl\u00e4rung vorgenommen werden k\u00f6nnen, empfehlen wir Ihnen sich die Datenschutzerkl\u00e4rung in regelm\u00e4\u00dfigen Abst\u00e4nden wieder durchzulesen. Definitionen der verwendeten Begriffe (z.B. \u201cpersonenbezogene Daten\u201d oder \u201cVerarbeitung\u201d) finden Sie in Art. 4 DSGVO.<\/p>\n<p><b>Zugriffsdaten<\/b><br \/>\nWir, der Websitebetreiber bzw. Seitenprovider, erheben aufgrund unseres berechtigten Interesses (s. Art. 6 Abs. 1 lit. f. DSGVO) Daten \u00fcber Zugriffe auf die Website und speichern diese als \u201eServer-Logfiles\u201c auf dem Server der Website ab. Bei jedem Aufruf unserer Internetseite sowie beim \u00dcbertragen von Dateien erfasst unser System automatisiert Daten und Informationen vom Computersystem des aufrufenden Rechners. Folgende Daten werden hierbei erhoben:<br \/>\n\u2022 Vollst\u00e4ndige IP-Adresse des anfordernden Rechners;<br \/>\n\u2022 Datum und Uhrzeit des Zugriffs;<br \/>\n\u2022 Name der angeforderten Datei;<br \/>\n\u2022 Seite, von der aus die Datei angefordert wurde;<br \/>\n\u2022 Zugriffsstatus (Datei \u00fcbertragen, Datei nicht gefunden etc.);<br \/>\n\u2022 Verwendeter Webbrowser und verwendetes Betriebssystem;<br \/>\n\u2022 \u00dcbertragene Datenmenge.<\/p>\n<p>Zu den im Online-Formular (Kontakt) erfassten und an ADEMEKO \u00fcbermittelten Daten finden Sie die entsprechenden Informationen im Abschnitt Kontakt-Formular.<\/p>\n<p><b>Verarbeitungszwecke<\/b><br \/>\nDie Verarbeitung der personenbezogenen Daten auf unserer Webseite beschr\u00e4nkt sich auf jene Daten, die zur Bereitstellung einer funktionsf\u00e4higen Internetseite sowie nutzerfreundlicher Inhalte und Leistungen erforderlich sind.<\/p>\n<p><b>Rechtsgrundlage<\/b><br \/>\nDie Verarbeitung personenbezogener Daten in Zusammenhang mit unserem Internetauftritt erfolgt gem\u00e4ss Art. 6 Abs. 1 DSGVO auf Grundlage:<br \/>\n\u2022 Ihrer Einwilligung, wenn Sie uns Ihre Daten freiwillig zur Verf\u00fcgung stellen;<br \/>\n\u2022 unserem berechtigten Interesse, wenn wir nicht im Rahmen unserer Aufgabe handeln, z.B. bei der Gew\u00e4hrleistung von Stabilit\u00e4t und Betriebssicherheit des Systems.<\/p>\n<p><b>Speicherdauer<\/b><br \/>\nDie bei jedem Aufruf unserer Internetseite sowie der \u00dcbertragung von Dateien erhobenen personenbezogenen Daten speichern wir \u00fcber einen Zeitraum von maximal einem Jahr. Die Speicherung erfolgt aus Gr\u00fcnden der Datensicherheit \u2013 insbesondere zur Abwehr von Angriffsversuchen auf unseren Webserver \u2013 als auch um die Stabilit\u00e4t und die Betriebssicherheit unseres Systems zu gew\u00e4hrleisten.<\/p>\n<p><b>Webanalyse<\/b><br \/>\nWir analysieren die Nutzung unseres Internetauftritts mit Webanalyse-Tool AWStats (http:\/\/www.awstats.org) bzw. Google Analytics (analytics.google.com). Dies dient ausschliesslich zur Optimierung der Webseite in Bezug auf Benutzerfreundlichkeit und Bereitstellung von n\u00fctzlichen Informationen \u00fcber unsere Leistungen. Eine Zusammenf\u00fchrung dieser Daten mit anderen personenbezogenen Datenquellen oder Weitergabe an Dritte erfolgt nicht.<\/p>\n<p><b>Cookies<\/b><br \/>\nWir verwenden auf unserer Webseite Cookies, um damit unser Angebot nutzerfreundlich zu gestalten. Cookies sind kleine Dateien, die Ihr Browser automatisch erstellt und die auf Ihrem Endger\u00e4t (Laptop, Tablet, Smartphone etc.) gespeichert werden, wenn Sie unsere Seite besuchen. Die Cookies bleiben so lange gespeichert, bis Sie diese l\u00f6schen. Dadurch k\u00f6nnen wir Ihren Browser beim n\u00e4chsten Besuch wieder erkennen. Sollten Sie dies nicht w\u00fcnschen, k\u00f6nnen Sie Ihren Browser so einrichten, dass er Sie \u00fcber das Setzen von Cookies informiert und Sie diese im Einzelfall erlauben. Wir weisen Sie allerdings darauf hin, dass eine Deaktivierung dazu f\u00fchrt, dass Sie unter Umst\u00e4nden nicht alle Funktionen unserer Webseite nutzen k\u00f6nnen. Rechtsgrundlage f\u00fcr die durch Cookies verarbeiteten Daten ist Art. 6 Abs. 1 lit. f DSGVO.<\/p>\n<p><b>Kontakt-Formular<\/b><br \/>\nF\u00fcllen Sie ein Kontaktformular aus oder senden Sie uns eine Mail oder eine sonstige elektronische Nachricht, werden Ihre Angaben nur f\u00fcr die Bearbeitung der Anfrage, m\u00f6gliche damit zusammenh\u00e4ngende weitere Fragen, gespeichert und nur im Rahmen der Anfrage verwendet. Rechtsgrundlage f\u00fcr die Bearbeitung Ihrer Anfrage ist Art. 6 Abs. 1 lit. a oder b DSGVO. Wir werden Ihre personenbezogenen Daten nach Erledigung Ihrer Anfrage l\u00f6schen.<\/p>\n<p><b>Google Web Fonts<\/b><br \/>\nDiese Seite nutzt zur einheitlichen Darstellung von Schriftarten so genannte Web Fonts, die von Google bereitgestellt werden. Die Google Fonts sind lokal installiert. Eine Verbindung zu Servern von Google findet dabei nicht statt.<\/p>\n<p><b>Social Plugins<\/b><br \/>\nAlle eingebundenen Social-Plugins funktionieren \u00fcber das 2-Klick-Verfahren; das hei\u00dft, dass das Aufzeichnen Ihres Surfverhaltens durch ein Plugin erst dann startet, wenn Sie das entsprechende Plugin durch Anklicken \u00fcberhaupt erst aktivieren. Falls Sie gleichzeitig mit dem Besuch unserer Internetseite bspw. auch mit Ihrem Konto einer Social-Media-Plattform angemeldet sind, kann der Seitenbesuch nach der Aktivierung des Plug-Ins (erster Klick) Ihrem Benutzerkonto zugeordnet werden.<\/p>\n<p><b>Datensicherheit<\/b><br \/>\nWir verwenden innerhalb des Webseite-Besuchs das verbreitete SSL-Verfahren in Verbindung mit der jeweils h\u00f6chsten Verschl\u00fcsselungsstufe, die von Ihrem Browser unterst\u00fctzt wird. Ob eine einzelne Seite unseres Internetauftrittes verschl\u00fcsselt \u00fcbertragen wird, erkennen Sie an der geschlossenen Darstellung des Schl\u00fcssel- beziehungsweise Schloss-Symbols in der Adressleiste Ihres Browsers. Dar\u00fcber hinaus wenden wir weitere geeignete technische und organisatorische Sicherheitsma\u00dfnahmen an, um Ihre Daten gegen zuf\u00e4llige oder vors\u00e4tzliche Manipulationen, teilweisen oder vollst\u00e4ndigen Verlust, Zerst\u00f6rung oder gegen den unbefugten Zugriff Dritter zu sch\u00fctzen. Unsere Sicherheitsma\u00dfnahmen werden entsprechend der technologischen Entwicklung fortlaufend verbessert.<\/p>\n<p>I<b>hre Rechte<\/b><br \/>\nSie haben das Recht, Auskunft \u00fcber Ihre von uns verarbeiteten personenbezogenen Daten zu verlangen. Insbesondere k\u00f6nnen Sie Auskunft \u00fcber die Verarbeitungszwecke, die Kategorien der personenbezogenen Daten, die Kategorien von Empf\u00e4ngern, gegen\u00fcber denen Ihre Daten offengelegt wurden oder werden, die geplante Speicherdauer, das Bestehen eines Rechts auf Berichtigung, L\u00f6schung, Einschr\u00e4nkung der Verarbeitung oder Widerspruch, Daten\u00fcbertragung, die Herkunft Ihrer Daten, sofern diese nicht bei uns erhoben wurden, sowie \u00fcber das Bestehen einer automatisierten Entscheidungsfindung einschlie\u00dflich Profiling verlangen. Sie haben auch das Recht, eine allenfalls erteilte Einwilligung zur Nutzung Ihrer personenbezogenen Daten jederzeit zu widerrufen. Sie k\u00f6nnen Ihre genannten Rechte jederzeit bei uns geltend machen unter der angegebenen Kontaktadresse. Sofern Sie der Auffassung sind, dass die Verarbeitung Ihrer personenbezogenen Daten durch uns im Widerspruch zu den geltenden Datenschutzbestimmungen steht, haben Sie die M\u00f6glichkeit, sich bei der Datenschutzstelle zu beschweren.<\/p>\n<p><b>Fragen an den Datenschutzbeauftragten<\/b><br \/>\nWenn Sie Fragen zum Datenschutz haben, schreiben Sie uns bitte eine E-Mail oder wenden Sie sich direkt an die f\u00fcr den Datenschutz verantwortliche Person in unserer Organisation:<br \/>\ndatenschutz @ ademeko . com<\/p>\n","protected":false},"excerpt":{"rendered":"<p>Datenschutzerkl\u00e4rung Unsere Verarbeitung personenbezogener Daten unserer Nutzer beschr\u00e4nkt sich auf jene Daten, die zur Bereitstellung einer funktionsf\u00e4higen Internetseite sowie unserer Inhalte und Leistungen erforderlich sind. Die Verarbeitung personenbezogener Daten unserer Nutzer erfolgt nur zu den unten aufgef\u00fchrten Zwecken und wenn eine rechtliche Grundlage (im Sinn der DSGVO) vorliegt. Es werden nur solche personenbezogenen Daten erhoben, [&hellip;]<\/p>\n","protected":false},"author":1,"featured_media":0,"parent":0,"menu_order":0,"comment_status":"closed","ping_status":"closed","template":"","meta":{"_themeisle_gutenberg_block_has_review":false,"footnotes":""},"class_list":["post-532","page","type-page","status-publish","hentry"],"_links":{"self":[{"href":"https:\/\/ademeko.com\/index.php\/wp-json\/wp\/v2\/pages\/532","targetHints":{"allow":["GET"]}}],"collection":[{"href":"https:\/\/ademeko.com\/index.php\/wp-json\/wp\/v2\/pages"}],"about":[{"href":"https:\/\/ademeko.com\/index.php\/wp-json\/wp\/v2\/types\/page"}],"author":[{"embeddable":true,"href":"https:\/\/ademeko.com\/index.php\/wp-json\/wp\/v2\/users\/1"}],"replies":[{"embeddable":true,"href":"https:\/\/ademeko.com\/index.php\/wp-json\/wp\/v2\/comments?post=532"}],"version-history":[{"count":55,"href":"https:\/\/ademeko.com\/index.php\/wp-json\/wp\/v2\/pages\/532\/revisions"}],"predecessor-version":[{"id":3015,"href":"https:\/\/ademeko.com\/index.php\/wp-json\/wp\/v2\/pages\/532\/revisions\/3015"}],"wp:attachment":[{"href":"https:\/\/ademeko.com\/index.php\/wp-json\/wp\/v2\/media?parent=532"}],"curies":[{"name":"wp","href":"https:\/\/api.w.org\/{rel}","templated":true}]}}